{"id":89,"date":"2021-04-13T14:25:28","date_gmt":"2021-04-13T12:25:28","guid":{"rendered":"https:\/\/www.ddec06.fr\/guide-ash-06\/?page_id=89"},"modified":"2021-10-28T15:21:54","modified_gmt":"2021-10-28T13:21:54","slug":"la-question-de-l-accessibilite-pedagogique","status":"publish","type":"page","link":"https:\/\/www.ddec06.fr\/guide-ash-06\/adapter-amenager-aider-en-classe\/la-question-de-l-accessibilite-pedagogique\/","title":{"rendered":"La question de l&rsquo;accessibilit\u00e9 p\u00e9dagogique"},"content":{"rendered":"<div id=\"pl-89\"  class=\"panel-layout\" ><div id=\"pg-89-0\"  class=\"panel-grid panel-no-style\" ><div id=\"pgc-89-0-0\"  class=\"panel-grid-cell\" ><div id=\"panel-89-0-0-0\" class=\"so-panel widget widget_sow-image panel-first-child panel-last-child\" data-index=\"0\" ><div\n\t\t\t\n\t\t\tclass=\"so-widget-sow-image so-widget-sow-image-default-8b5b6f678277-89\"\n\t\t\t\n\t\t>\n\n<div class=\"sow-image-container\">\n\t\t<img decoding=\"async\" src=\"https:\/\/www.ddec06.fr\/guide-ash-06\/wp-content\/uploads\/2021\/10\/education-enfants-handicapes-enfant-handicape-fauteuil-roulant-maternelle-egalite-chances-programme-prescolaire-besoins-speciaux_335657-3595-e1635258415604.jpg\" width=\"626\" height=\"508\" srcset=\"https:\/\/www.ddec06.fr\/guide-ash-06\/wp-content\/uploads\/2021\/10\/education-enfants-handicapes-enfant-handicape-fauteuil-roulant-maternelle-egalite-chances-programme-prescolaire-besoins-speciaux_335657-3595-e1635258415604.jpg 626w, https:\/\/www.ddec06.fr\/guide-ash-06\/wp-content\/uploads\/2021\/10\/education-enfants-handicapes-enfant-handicape-fauteuil-roulant-maternelle-egalite-chances-programme-prescolaire-besoins-speciaux_335657-3595-e1635258415604-300x243.jpg 300w, https:\/\/www.ddec06.fr\/guide-ash-06\/wp-content\/uploads\/2021\/10\/education-enfants-handicapes-enfant-handicape-fauteuil-roulant-maternelle-egalite-chances-programme-prescolaire-besoins-speciaux_335657-3595-e1635258415604-465x377.jpg 465w, https:\/\/www.ddec06.fr\/guide-ash-06\/wp-content\/uploads\/2021\/10\/education-enfants-handicapes-enfant-handicape-fauteuil-roulant-maternelle-egalite-chances-programme-prescolaire-besoins-speciaux_335657-3595-e1635258415604-616x500.jpg 616w\" sizes=\"auto, (max-width: 626px) 100vw, 626px\" title=\"education-enfants-handicapes-enfant-handicape-fauteuil-roulant-maternelle-egalite-chances-programme-prescolaire-besoins-speciaux_335657-3595\" alt=\"\" loading=\"lazy\" \t\tclass=\"so-widget-image\"\/>\n\t<\/div>\n\n<\/div><\/div><\/div><div id=\"pgc-89-0-1\"  class=\"panel-grid-cell\" ><div id=\"panel-89-0-1-0\" class=\"so-panel widget widget_sow-editor panel-first-child panel-last-child\" data-index=\"1\" ><div\n\t\t\t\n\t\t\tclass=\"so-widget-sow-editor so-widget-sow-editor-base\"\n\t\t\t\n\t\t>\n<div class=\"siteorigin-widget-tinymce textwidget\">\n\t<p><span style=\"font-size: 24pt; color: #4e9072;\"><strong>Qu\u2019est-ce que l\u2019accessibilit\u00e9 p\u00e9dagogique ?<\/strong><\/span><\/p>\n<p>Herv\u00e9 Beno\u00eet et Jack Sagot, universitaires, chercheurs et formateurs \u00e0 l\u2019Institut national de formation et de recherche pour l\u2019\u00e9ducation des jeunes handicap\u00e9s et les enseignements adapt\u00e9s (INSHEA), en donnent une d\u00e9finition claire[1] : \u00ab L\u2019accessibilit\u00e9 p\u00e9dagogique correspond aux pratiques et aux savoir-faire professionnels que d\u00e9veloppent les enseignants, avec le support d\u2019aides techniques sp\u00e9cifiques ou g\u00e9n\u00e9ralistes, pour promouvoir des r\u00e9ponses p\u00e9dagogiques adaptatives, susceptibles de r\u00e9duire la situation de handicap au sein m\u00eame de la classe. \u00bb<br \/>\nIls ajoutent qu\u2019\u00ab il s\u2019agit d\u2019un v\u00e9ritable enjeu de culture professionnelle enseignante qui comporte une autre implication importante : le d\u00e9passement de la notion d\u2019h\u00e9t\u00e9rog\u00e9n\u00e9it\u00e9 des \u00e9l\u00e8ves \u2013 lieu commun de la p\u00e9dagogie depuis plus de vingt-cinq ans \u2013 par celle de l\u2019h\u00e9t\u00e9rog\u00e9n\u00e9it\u00e9 des comp\u00e9tences de chaque \u00e9l\u00e8ve, et que c\u2019est \u00e0 cette h\u00e9t\u00e9rog\u00e9n\u00e9it\u00e9-l\u00e0 qu\u2019il convient d\u2019apporter des r\u00e9ponses adaptatives, qui pourront prendre la forme d\u2019aides techniques ou humaines, dans un cadre g\u00e9n\u00e9ral d\u2019accessibilit\u00e9 p\u00e9dagogique. \u00bb<\/p>\n<\/div>\n<\/div><\/div><\/div><\/div><div id=\"pg-89-1\"  class=\"panel-grid panel-no-style\" ><div id=\"pgc-89-1-0\"  class=\"panel-grid-cell\" ><div id=\"panel-89-1-0-0\" class=\"so-panel widget widget_sow-editor panel-first-child panel-last-child\" data-index=\"2\" ><div\n\t\t\t\n\t\t\tclass=\"so-widget-sow-editor so-widget-sow-editor-base\"\n\t\t\t\n\t\t>\n<div class=\"siteorigin-widget-tinymce textwidget\">\n\t<p><span style=\"text-decoration: underline; color: #4e9072;\"><strong><span style=\"font-size: 24pt;\">Des pistes de r\u00e9flexion :<\/span><\/strong><\/span><\/p>\n<p><span style=\"font-size: 24pt; color: #808000;\"><span style=\"color: #ffc000;\">Penser sa classe pour r\u00e9pondre aux besoins de tous les \u00e9l\u00e8ves<\/span> <\/span><\/p>\n<p><img loading=\"lazy\" decoding=\"async\" class=\"wp-image-476 size-full aligncenter\" src=\"https:\/\/www.ddec06.fr\/guide-ash-06\/wp-content\/uploads\/2021\/10\/accessibilite01.png\" alt=\"\" width=\"605\" height=\"423\" srcset=\"https:\/\/www.ddec06.fr\/guide-ash-06\/wp-content\/uploads\/2021\/10\/accessibilite01.png 605w, https:\/\/www.ddec06.fr\/guide-ash-06\/wp-content\/uploads\/2021\/10\/accessibilite01-300x210.png 300w, https:\/\/www.ddec06.fr\/guide-ash-06\/wp-content\/uploads\/2021\/10\/accessibilite01-465x325.png 465w\" sizes=\"auto, (max-width: 605px) 100vw, 605px\" \/><\/p>\n<p><span style=\"color: #ffc000; font-size: 24pt;\">Adapter son enseignement pour r\u00e9pondre aux difficult\u00e9s sp\u00e9cifiques :<\/span><\/p>\n<p>Un document cr\u00e9e par B\u00e9n\u00e9dicte Dubois pour adapter son enseignement en fonction des difficult\u00e9s observ\u00e9es au niveau du : traitement visuel, s\u00e9quen\u00e7age, m\u00e9moire, attention, estime de soi. On y trouve des aides sur : la pr\u00e9sentation des cours, les pratiques professionnelles, l\u2019attitude, la relation, les gestes professionnels, le travail personnel \u00e0 la maison, les disciplines enseign\u00e9es, l\u2019\u00e9valuation\u2026.).<\/p>\n<p><a href=\"https:\/\/www.ddec06.fr\/guide-ash-06\/wp-content\/uploads\/2021\/10\/Adapter-son-enseignement.pdf\"><img loading=\"lazy\" decoding=\"async\" class=\"alignnone wp-image-524\" src=\"https:\/\/www.ddec06.fr\/guide-ash-06\/wp-content\/uploads\/2021\/10\/icone-telechargement-vert.png\" alt=\"\" width=\"23\" height=\"21\" \/><\/a> <a href=\"https:\/\/www.ddec06.fr\/guide-ash-06\/wp-content\/uploads\/2021\/10\/Adapter-son-enseignement.pdf\">Document Adapter son enseignement<\/a> <img loading=\"lazy\" decoding=\"async\" class=\"alignnone size-full wp-image-527\" src=\"https:\/\/www.ddec06.fr\/guide-ash-06\/wp-content\/uploads\/2021\/10\/pdf.png\" alt=\"\" width=\"21\" height=\"21\" \/><\/p>\n<p><span style=\"font-size: 24pt; color: #ffc000;\">Des incontournables sur l\u2019apprentissage :<\/span><\/p>\n<p><span style=\"text-decoration: underline;\"><span style=\"color: #000000; font-size: 12pt;\"><strong>Les 4 piliers de l\u2019apprentissage<\/strong><\/span><\/span><\/p>\n<p><img loading=\"lazy\" decoding=\"async\" class=\"wp-image-477 size-full aligncenter\" src=\"https:\/\/www.ddec06.fr\/guide-ash-06\/wp-content\/uploads\/2021\/10\/accessibilite02.png\" alt=\"\" width=\"605\" height=\"362\" srcset=\"https:\/\/www.ddec06.fr\/guide-ash-06\/wp-content\/uploads\/2021\/10\/accessibilite02.png 605w, https:\/\/www.ddec06.fr\/guide-ash-06\/wp-content\/uploads\/2021\/10\/accessibilite02-300x180.png 300w, https:\/\/www.ddec06.fr\/guide-ash-06\/wp-content\/uploads\/2021\/10\/accessibilite02-465x278.png 465w\" sizes=\"auto, (max-width: 605px) 100vw, 605px\" \/><\/p>\n<p><span style=\"text-decoration: underline;\"><strong>La pyramide des apprentissages<\/strong><\/span><\/p>\n<p><img loading=\"lazy\" decoding=\"async\" class=\"wp-image-478 size-full aligncenter\" src=\"https:\/\/www.ddec06.fr\/guide-ash-06\/wp-content\/uploads\/2021\/10\/accessibilite03.png\" alt=\"\" width=\"566\" height=\"717\" srcset=\"https:\/\/www.ddec06.fr\/guide-ash-06\/wp-content\/uploads\/2021\/10\/accessibilite03.png 566w, https:\/\/www.ddec06.fr\/guide-ash-06\/wp-content\/uploads\/2021\/10\/accessibilite03-237x300.png 237w, https:\/\/www.ddec06.fr\/guide-ash-06\/wp-content\/uploads\/2021\/10\/accessibilite03-434x550.png 434w, https:\/\/www.ddec06.fr\/guide-ash-06\/wp-content\/uploads\/2021\/10\/accessibilite03-395x500.png 395w\" sizes=\"auto, (max-width: 566px) 100vw, 566px\" \/><\/p>\n<p><span style=\"text-decoration: underline;\"><strong>Adapter mais jusqu\u2019o\u00f9 ? <\/strong><\/span><br \/>\n<span style=\"text-decoration: underline;\"><strong>Faire la diff\u00e9rence entre : Flexibilit\u00e9 \u2013 Adaptation et Modification :<\/strong><\/span><\/p>\n<p><img loading=\"lazy\" decoding=\"async\" class=\"wp-image-479 size-full aligncenter\" src=\"https:\/\/www.ddec06.fr\/guide-ash-06\/wp-content\/uploads\/2021\/10\/accessibilite04.png\" alt=\"\" width=\"508\" height=\"616\" srcset=\"https:\/\/www.ddec06.fr\/guide-ash-06\/wp-content\/uploads\/2021\/10\/accessibilite04.png 508w, https:\/\/www.ddec06.fr\/guide-ash-06\/wp-content\/uploads\/2021\/10\/accessibilite04-247x300.png 247w, https:\/\/www.ddec06.fr\/guide-ash-06\/wp-content\/uploads\/2021\/10\/accessibilite04-454x550.png 454w, https:\/\/www.ddec06.fr\/guide-ash-06\/wp-content\/uploads\/2021\/10\/accessibilite04-412x500.png 412w\" sizes=\"auto, (max-width: 508px) 100vw, 508px\" \/><\/p>\n<p data-wp-editing=\"1\"><a href=\"https:\/\/youtu.be\/9EdMgor3o2Q\"><img loading=\"lazy\" decoding=\"async\" class=\"alignnone wp-image-521\" src=\"https:\/\/www.ddec06.fr\/guide-ash-06\/wp-content\/uploads\/2021\/10\/icone-youtube-player50.png\" alt=\"\" width=\"30\" height=\"21\" \/> <\/a>Une vid\u00e9o explicative<\/p>\n<p data-wp-editing=\"1\">Pour aller plus loin :<br \/>\n<img loading=\"lazy\" decoding=\"async\" class=\"alignnone wp-image-521\" src=\"https:\/\/www.ddec06.fr\/guide-ash-06\/wp-content\/uploads\/2021\/10\/icone-youtube-player50.png\" alt=\"\" width=\"30\" height=\"21\" \/> <a href=\"https:\/\/youtu.be\/Aq_Rq3DzxlU\">La CDU : Conception Universelle de l\u2019Apprentissage<\/a><br \/>\n<a href=\"http:\/\/www.ac-clermont.fr\/ecole-inclusive\/scolarite-et-handicap\/conception-universelle-de-l-apprentissage\/\"><img loading=\"lazy\" decoding=\"async\" class=\"alignnone size-full wp-image-526\" src=\"https:\/\/www.ddec06.fr\/guide-ash-06\/wp-content\/uploads\/2021\/10\/www.jpg\" alt=\"\" width=\"56\" height=\"21\" \/> http:\/\/www.ac-clermont.fr\/ecole-inclusive\/scolarite-et-handicap\/conception-universelle-de-l-apprentissage\/<\/a><\/p>\n<\/div>\n<\/div><\/div><\/div><\/div><\/div>","protected":false},"excerpt":{"rendered":"<p>Qu\u2019est-ce que l\u2019accessibilit\u00e9 p\u00e9dagogique ? Herv\u00e9 Beno\u00eet et Jack Sagot, universitaires, chercheurs et formateurs \u00e0 l\u2019Institut national de formation et de recherche pour l\u2019\u00e9ducation des jeunes handicap\u00e9s et les enseignements adapt\u00e9s (INSHEA), en donnent une d\u00e9finition claire[1] : \u00ab L\u2019accessibilit\u00e9 p\u00e9dagogique correspond aux pratiques et aux savoir-faire professionnels que d\u00e9veloppent<span class=\"more-link\"><a href=\"https:\/\/www.ddec06.fr\/guide-ash-06\/adapter-amenager-aider-en-classe\/la-question-de-l-accessibilite-pedagogique\/\">Lire la suite<\/a><\/span><\/p>\n","protected":false},"author":1,"featured_media":0,"parent":24,"menu_order":3,"comment_status":"closed","ping_status":"closed","template":"","meta":{"footnotes":""},"class_list":["entry","author-administrateur","post-89","page","type-page","status-publish"],"yoast_head":"<!-- This site is optimized with the Yoast SEO plugin v22.1 - https:\/\/yoast.com\/wordpress\/plugins\/seo\/ -->\n<title>La question de l&#039;accessibilit\u00e9 p\u00e9dagogique - GUIDE Ecole Inclusive de l&#039;Enseignement Catholique des Alpes-Maritimes<\/title>\n<meta name=\"robots\" content=\"index, follow, max-snippet:-1, max-image-preview:large, max-video-preview:-1\" \/>\n<link rel=\"canonical\" href=\"https:\/\/www.ddec06.fr\/guide-ash-06\/adapter-amenager-aider-en-classe\/la-question-de-l-accessibilite-pedagogique\/\" \/>\n<meta property=\"og:locale\" content=\"fr_FR\" \/>\n<meta property=\"og:type\" content=\"article\" \/>\n<meta property=\"og:title\" content=\"La question de l&#039;accessibilit\u00e9 p\u00e9dagogique - GUIDE Ecole Inclusive de l&#039;Enseignement Catholique des Alpes-Maritimes\" \/>\n<meta property=\"og:description\" content=\"Qu\u2019est-ce que l\u2019accessibilit\u00e9 p\u00e9dagogique ? Herv\u00e9 Beno\u00eet et Jack Sagot, universitaires, chercheurs et formateurs \u00e0 l\u2019Institut national de formation et de recherche pour l\u2019\u00e9ducation des jeunes handicap\u00e9s et les enseignements adapt\u00e9s (INSHEA), en donnent une d\u00e9finition claire[1] : \u00ab L\u2019accessibilit\u00e9 p\u00e9dagogique correspond aux pratiques et aux savoir-faire professionnels que d\u00e9veloppentLire la suite\" \/>\n<meta property=\"og:url\" content=\"https:\/\/www.ddec06.fr\/guide-ash-06\/adapter-amenager-aider-en-classe\/la-question-de-l-accessibilite-pedagogique\/\" \/>\n<meta property=\"og:site_name\" content=\"GUIDE Ecole Inclusive de l&#039;Enseignement Catholique des Alpes-Maritimes\" \/>\n<meta property=\"article:modified_time\" content=\"2021-10-28T13:21:54+00:00\" \/>\n<meta property=\"og:image\" content=\"https:\/\/www.ddec06.fr\/guide-ash-06\/wp-content\/uploads\/2021\/10\/accessibilite01.png\" \/>\n<meta name=\"twitter:card\" content=\"summary_large_image\" \/>\n<meta name=\"twitter:label1\" content=\"Dur\u00e9e de lecture estim\u00e9e\" \/>\n\t<meta name=\"twitter:data1\" content=\"3 minutes\" \/>\n<script type=\"application\/ld+json\" class=\"yoast-schema-graph\">{\"@context\":\"https:\/\/schema.org\",\"@graph\":[{\"@type\":\"WebPage\",\"@id\":\"https:\/\/www.ddec06.fr\/guide-ash-06\/adapter-amenager-aider-en-classe\/la-question-de-l-accessibilite-pedagogique\/\",\"url\":\"https:\/\/www.ddec06.fr\/guide-ash-06\/adapter-amenager-aider-en-classe\/la-question-de-l-accessibilite-pedagogique\/\",\"name\":\"La question de l'accessibilit\u00e9 p\u00e9dagogique - GUIDE Ecole Inclusive de l&#039;Enseignement Catholique des Alpes-Maritimes\",\"isPartOf\":{\"@id\":\"https:\/\/www.ddec06.fr\/guide-ash-06\/#website\"},\"datePublished\":\"2021-04-13T12:25:28+00:00\",\"dateModified\":\"2021-10-28T13:21:54+00:00\",\"breadcrumb\":{\"@id\":\"https:\/\/www.ddec06.fr\/guide-ash-06\/adapter-amenager-aider-en-classe\/la-question-de-l-accessibilite-pedagogique\/#breadcrumb\"},\"inLanguage\":\"fr-FR\",\"potentialAction\":[{\"@type\":\"ReadAction\",\"target\":[\"https:\/\/www.ddec06.fr\/guide-ash-06\/adapter-amenager-aider-en-classe\/la-question-de-l-accessibilite-pedagogique\/\"]}]},{\"@type\":\"BreadcrumbList\",\"@id\":\"https:\/\/www.ddec06.fr\/guide-ash-06\/adapter-amenager-aider-en-classe\/la-question-de-l-accessibilite-pedagogique\/#breadcrumb\",\"itemListElement\":[{\"@type\":\"ListItem\",\"position\":1,\"name\":\"Accueil\",\"item\":\"https:\/\/www.ddec06.fr\/guide-ash-06\/\"},{\"@type\":\"ListItem\",\"position\":2,\"name\":\"Adapter &#8211; Am\u00e9nager &#8211; Aider en classe\",\"item\":\"https:\/\/www.ddec06.fr\/guide-ash-06\/adapter-amenager-aider-en-classe\/\"},{\"@type\":\"ListItem\",\"position\":3,\"name\":\"La question de l&rsquo;accessibilit\u00e9 p\u00e9dagogique\"}]},{\"@type\":\"WebSite\",\"@id\":\"https:\/\/www.ddec06.fr\/guide-ash-06\/#website\",\"url\":\"https:\/\/www.ddec06.fr\/guide-ash-06\/\",\"name\":\"GUIDE Ecole Inclusive de l&#039;Enseignement Catholique des Alpes-Maritimes\",\"description\":\"Accueillir les diff\u00e9rences en milieu scolaire.\",\"publisher\":{\"@id\":\"https:\/\/www.ddec06.fr\/guide-ash-06\/#organization\"},\"potentialAction\":[{\"@type\":\"SearchAction\",\"target\":{\"@type\":\"EntryPoint\",\"urlTemplate\":\"https:\/\/www.ddec06.fr\/guide-ash-06\/?s={search_term_string}\"},\"query-input\":\"required name=search_term_string\"}],\"inLanguage\":\"fr-FR\"},{\"@type\":\"Organization\",\"@id\":\"https:\/\/www.ddec06.fr\/guide-ash-06\/#organization\",\"name\":\"GUIDE Ecole Inclusive de l&#039;Enseignement Catholique des Alpes-Maritimes\",\"url\":\"https:\/\/www.ddec06.fr\/guide-ash-06\/\",\"logo\":{\"@type\":\"ImageObject\",\"inLanguage\":\"fr-FR\",\"@id\":\"https:\/\/www.ddec06.fr\/guide-ash-06\/#\/schema\/logo\/image\/\",\"url\":\"https:\/\/www.ddec06.fr\/guide-ash-06\/wp-content\/uploads\/2021\/04\/cropped-DDEC-DIOCESE-DE-NICE-SANS-DEGRADE-1-1.png\",\"contentUrl\":\"https:\/\/www.ddec06.fr\/guide-ash-06\/wp-content\/uploads\/2021\/04\/cropped-DDEC-DIOCESE-DE-NICE-SANS-DEGRADE-1-1.png\",\"width\":167,\"height\":100,\"caption\":\"GUIDE Ecole Inclusive de l&#039;Enseignement Catholique des Alpes-Maritimes\"},\"image\":{\"@id\":\"https:\/\/www.ddec06.fr\/guide-ash-06\/#\/schema\/logo\/image\/\"}}]}<\/script>\n<!-- \/ Yoast SEO plugin. -->","yoast_head_json":{"title":"La question de l'accessibilit\u00e9 p\u00e9dagogique - GUIDE Ecole Inclusive de l&#039;Enseignement Catholique des Alpes-Maritimes","robots":{"index":"index","follow":"follow","max-snippet":"max-snippet:-1","max-image-preview":"max-image-preview:large","max-video-preview":"max-video-preview:-1"},"canonical":"https:\/\/www.ddec06.fr\/guide-ash-06\/adapter-amenager-aider-en-classe\/la-question-de-l-accessibilite-pedagogique\/","og_locale":"fr_FR","og_type":"article","og_title":"La question de l'accessibilit\u00e9 p\u00e9dagogique - GUIDE Ecole Inclusive de l&#039;Enseignement Catholique des Alpes-Maritimes","og_description":"Qu\u2019est-ce que l\u2019accessibilit\u00e9 p\u00e9dagogique ? Herv\u00e9 Beno\u00eet et Jack Sagot, universitaires, chercheurs et formateurs \u00e0 l\u2019Institut national de formation et de recherche pour l\u2019\u00e9ducation des jeunes handicap\u00e9s et les enseignements adapt\u00e9s (INSHEA), en donnent une d\u00e9finition claire[1] : \u00ab L\u2019accessibilit\u00e9 p\u00e9dagogique correspond aux pratiques et aux savoir-faire professionnels que d\u00e9veloppentLire la suite","og_url":"https:\/\/www.ddec06.fr\/guide-ash-06\/adapter-amenager-aider-en-classe\/la-question-de-l-accessibilite-pedagogique\/","og_site_name":"GUIDE Ecole Inclusive de l&#039;Enseignement Catholique des Alpes-Maritimes","article_modified_time":"2021-10-28T13:21:54+00:00","og_image":[{"url":"https:\/\/www.ddec06.fr\/guide-ash-06\/wp-content\/uploads\/2021\/10\/accessibilite01.png"}],"twitter_card":"summary_large_image","twitter_misc":{"Dur\u00e9e de lecture estim\u00e9e":"3 minutes"},"schema":{"@context":"https:\/\/schema.org","@graph":[{"@type":"WebPage","@id":"https:\/\/www.ddec06.fr\/guide-ash-06\/adapter-amenager-aider-en-classe\/la-question-de-l-accessibilite-pedagogique\/","url":"https:\/\/www.ddec06.fr\/guide-ash-06\/adapter-amenager-aider-en-classe\/la-question-de-l-accessibilite-pedagogique\/","name":"La question de l'accessibilit\u00e9 p\u00e9dagogique - GUIDE Ecole Inclusive de l&#039;Enseignement Catholique des Alpes-Maritimes","isPartOf":{"@id":"https:\/\/www.ddec06.fr\/guide-ash-06\/#website"},"datePublished":"2021-04-13T12:25:28+00:00","dateModified":"2021-10-28T13:21:54+00:00","breadcrumb":{"@id":"https:\/\/www.ddec06.fr\/guide-ash-06\/adapter-amenager-aider-en-classe\/la-question-de-l-accessibilite-pedagogique\/#breadcrumb"},"inLanguage":"fr-FR","potentialAction":[{"@type":"ReadAction","target":["https:\/\/www.ddec06.fr\/guide-ash-06\/adapter-amenager-aider-en-classe\/la-question-de-l-accessibilite-pedagogique\/"]}]},{"@type":"BreadcrumbList","@id":"https:\/\/www.ddec06.fr\/guide-ash-06\/adapter-amenager-aider-en-classe\/la-question-de-l-accessibilite-pedagogique\/#breadcrumb","itemListElement":[{"@type":"ListItem","position":1,"name":"Accueil","item":"https:\/\/www.ddec06.fr\/guide-ash-06\/"},{"@type":"ListItem","position":2,"name":"Adapter &#8211; Am\u00e9nager &#8211; Aider en classe","item":"https:\/\/www.ddec06.fr\/guide-ash-06\/adapter-amenager-aider-en-classe\/"},{"@type":"ListItem","position":3,"name":"La question de l&rsquo;accessibilit\u00e9 p\u00e9dagogique"}]},{"@type":"WebSite","@id":"https:\/\/www.ddec06.fr\/guide-ash-06\/#website","url":"https:\/\/www.ddec06.fr\/guide-ash-06\/","name":"GUIDE Ecole Inclusive de l&#039;Enseignement Catholique des Alpes-Maritimes","description":"Accueillir les diff\u00e9rences en milieu scolaire.","publisher":{"@id":"https:\/\/www.ddec06.fr\/guide-ash-06\/#organization"},"potentialAction":[{"@type":"SearchAction","target":{"@type":"EntryPoint","urlTemplate":"https:\/\/www.ddec06.fr\/guide-ash-06\/?s={search_term_string}"},"query-input":"required name=search_term_string"}],"inLanguage":"fr-FR"},{"@type":"Organization","@id":"https:\/\/www.ddec06.fr\/guide-ash-06\/#organization","name":"GUIDE Ecole Inclusive de l&#039;Enseignement Catholique des Alpes-Maritimes","url":"https:\/\/www.ddec06.fr\/guide-ash-06\/","logo":{"@type":"ImageObject","inLanguage":"fr-FR","@id":"https:\/\/www.ddec06.fr\/guide-ash-06\/#\/schema\/logo\/image\/","url":"https:\/\/www.ddec06.fr\/guide-ash-06\/wp-content\/uploads\/2021\/04\/cropped-DDEC-DIOCESE-DE-NICE-SANS-DEGRADE-1-1.png","contentUrl":"https:\/\/www.ddec06.fr\/guide-ash-06\/wp-content\/uploads\/2021\/04\/cropped-DDEC-DIOCESE-DE-NICE-SANS-DEGRADE-1-1.png","width":167,"height":100,"caption":"GUIDE Ecole Inclusive de l&#039;Enseignement Catholique des Alpes-Maritimes"},"image":{"@id":"https:\/\/www.ddec06.fr\/guide-ash-06\/#\/schema\/logo\/image\/"}}]}},"jetpack_sharing_enabled":true,"_links":{"self":[{"href":"https:\/\/www.ddec06.fr\/guide-ash-06\/wp-json\/wp\/v2\/pages\/89","targetHints":{"allow":["GET"]}}],"collection":[{"href":"https:\/\/www.ddec06.fr\/guide-ash-06\/wp-json\/wp\/v2\/pages"}],"about":[{"href":"https:\/\/www.ddec06.fr\/guide-ash-06\/wp-json\/wp\/v2\/types\/page"}],"author":[{"embeddable":true,"href":"https:\/\/www.ddec06.fr\/guide-ash-06\/wp-json\/wp\/v2\/users\/1"}],"replies":[{"embeddable":true,"href":"https:\/\/www.ddec06.fr\/guide-ash-06\/wp-json\/wp\/v2\/comments?post=89"}],"version-history":[{"count":10,"href":"https:\/\/www.ddec06.fr\/guide-ash-06\/wp-json\/wp\/v2\/pages\/89\/revisions"}],"predecessor-version":[{"id":707,"href":"https:\/\/www.ddec06.fr\/guide-ash-06\/wp-json\/wp\/v2\/pages\/89\/revisions\/707"}],"up":[{"embeddable":true,"href":"https:\/\/www.ddec06.fr\/guide-ash-06\/wp-json\/wp\/v2\/pages\/24"}],"wp:attachment":[{"href":"https:\/\/www.ddec06.fr\/guide-ash-06\/wp-json\/wp\/v2\/media?parent=89"}],"curies":[{"name":"wp","href":"https:\/\/api.w.org\/{rel}","templated":true}]}}